{"id":29340,"date":"2017-10-22T23:30:56","date_gmt":"2017-10-22T21:30:56","guid":{"rendered":"http:\/\/www.invarena.cz\/?page_id=29340"},"modified":"2024-08-07T15:56:46","modified_gmt":"2024-08-07T13:56:46","slug":"zubni-kartacky-5-kc","status":"publish","type":"page","link":"https:\/\/www.invarena.cz\/?page_id=29340","title":{"rendered":"Baterie do naslouchadel za 60 K\u010d, zubn\u00ed kart\u00e1\u010dky po 29,90 K\u010d, u\u0161n\u00ed koncovky po 30 K\u010d"},"content":{"rendered":"<p><strong>Baterie do naslouchadel velikost 13 PANASONIC &#8211; balen\u00ed se 6 kusy za 60 k\u010d<\/strong><\/p>\n<p><strong>U\u0161n\u00ed tvarovka &#8211; koncovka &#8211; typ HORN za 30 K\u010d.\u00a0<\/strong><\/p>\n<p><strong>D\u011btsk\u00e9 zubn\u00ed kart\u00e1\u010dky Nine po 49,90 K\u010d v r\u016fzn\u00fdch barv\u00e1ch s motivy zv\u00ed\u0159\u00e1tek. Zubn\u00ed kart\u00e1\u010dky Flex Sumei po 29,90 K\u010d v r\u016fzn\u00fdch barv\u00e1ch s flexibiln\u00edm kr\u010dkem, protiskluznou rukojet\u00ed a prost\u0159i\u017een\u00edm vl\u00e1ken.\u00a0<\/strong><\/p>\n<p><strong>V Praze s osobn\u00edm p\u0159ed\u00e1n\u00edm zdarma. Zdarma rovn\u011b\u017e dod\u00e1vky na Turnovsku. Do jin\u00fdch okres\u016f zasl\u00e1n\u00ed z\u00e1silkovnou nebo po\u0161tou se zapo\u010d\u00edt\u00e1n\u00edm poplatku na zasl\u00e1n\u00ed. <\/strong><\/p>\n<p><strong>Objedn\u00e1vky na admin@invarena.cz<\/strong><\/p>\n<p><a href=\"https:\/\/www.invarena.cz\/wp-content\/uploads\/d\u011bt-kart\u00e1\u010dky-Nine.jpg\"><img loading=\"lazy\" decoding=\"async\" class=\"alignleft size-full wp-image-29341\" src=\"https:\/\/www.invarena.cz\/wp-content\/uploads\/d\u011bt-kart\u00e1\u010dky-Nine.jpg\" alt=\"\" width=\"2001\" height=\"1300\" srcset=\"https:\/\/www.invarena.cz\/wp-content\/uploads\/d\u011bt-kart\u00e1\u010dky-Nine.jpg 2001w, https:\/\/www.invarena.cz\/wp-content\/uploads\/d\u011bt-kart\u00e1\u010dky-Nine-250x162.jpg 250w, https:\/\/www.invarena.cz\/wp-content\/uploads\/d\u011bt-kart\u00e1\u010dky-Nine-768x499.jpg 768w, https:\/\/www.invarena.cz\/wp-content\/uploads\/d\u011bt-kart\u00e1\u010dky-Nine-400x260.jpg 400w\" sizes=\"auto, (max-width: 2001px) 100vw, 2001px\" \/><\/a><\/p>\n<p><a href=\"https:\/\/www.invarena.cz\/wp-content\/uploads\/kart\u00e1\u010dky-Flex.jpg\"><img loading=\"lazy\" decoding=\"async\" class=\"alignleft size-large wp-image-29342\" src=\"https:\/\/www.invarena.cz\/wp-content\/uploads\/kart\u00e1\u010dky-Flex-440x260.jpg\" alt=\"\" width=\"440\" height=\"260\" srcset=\"https:\/\/www.invarena.cz\/wp-content\/uploads\/kart\u00e1\u010dky-Flex-440x260.jpg 440w, https:\/\/www.invarena.cz\/wp-content\/uploads\/kart\u00e1\u010dky-Flex-250x148.jpg 250w, https:\/\/www.invarena.cz\/wp-content\/uploads\/kart\u00e1\u010dky-Flex-768x454.jpg 768w\" sizes=\"auto, (max-width: 440px) 100vw, 440px\" \/><\/a><\/p>\n<p><strong>U\u0161n\u00ed tvarovka &#8211; koncovka &#8211; typ HORN za 40 K\u010d<\/strong><\/p>\n<p><img decoding=\"async\" src=\"https:\/\/www.invarena.cz\/wp-content\/uploads\/horn-e1572893246593.jpg\" alt=\"Hornovy koncovky\" \/><\/p>\n","protected":false},"excerpt":{"rendered":"<div class=\"mh-excerpt\"><p>Baterie do naslouchadel velikost 13 PANASONIC &#8211; balen\u00ed se 6 kusy za 60 k\u010d U\u0161n\u00ed tvarovka &#8211; koncovka &#8211; typ HORN za 30 K\u010d.\u00a0 D\u011btsk\u00e9 <a class=\"mh-excerpt-more\" href=\"https:\/\/www.invarena.cz\/?page_id=29340\" title=\"Baterie do naslouchadel za 60 K\u010d, zubn\u00ed kart\u00e1\u010dky po 29,90 K\u010d, u\u0161n\u00ed koncovky po 30 K\u010d\">[&#8230;]<\/a><\/p>\n<\/div>","protected":false},"author":1,"featured_media":29341,"parent":49625,"menu_order":-1,"comment_status":"closed","ping_status":"closed","template":"","meta":{"footnotes":""},"class_list":["post-29340","page","type-page","status-publish","has-post-thumbnail","hentry"],"_links":{"self":[{"href":"https:\/\/www.invarena.cz\/index.php?rest_route=\/wp\/v2\/pages\/29340","targetHints":{"allow":["GET"]}}],"collection":[{"href":"https:\/\/www.invarena.cz\/index.php?rest_route=\/wp\/v2\/pages"}],"about":[{"href":"https:\/\/www.invarena.cz\/index.php?rest_route=\/wp\/v2\/types\/page"}],"author":[{"embeddable":true,"href":"https:\/\/www.invarena.cz\/index.php?rest_route=\/wp\/v2\/users\/1"}],"replies":[{"embeddable":true,"href":"https:\/\/www.invarena.cz\/index.php?rest_route=%2Fwp%2Fv2%2Fcomments&post=29340"}],"version-history":[{"count":0,"href":"https:\/\/www.invarena.cz\/index.php?rest_route=\/wp\/v2\/pages\/29340\/revisions"}],"up":[{"embeddable":true,"href":"https:\/\/www.invarena.cz\/index.php?rest_route=\/wp\/v2\/pages\/49625"}],"wp:featuredmedia":[{"embeddable":true,"href":"https:\/\/www.invarena.cz\/index.php?rest_route=\/wp\/v2\/media\/29341"}],"wp:attachment":[{"href":"https:\/\/www.invarena.cz\/index.php?rest_route=%2Fwp%2Fv2%2Fmedia&parent=29340"}],"curies":[{"name":"wp","href":"https:\/\/api.w.org\/{rel}","templated":true}]}}